NOAA-Style Climate Reports
Select a Year or Month report
2024: Jan Feb Mar Apr May Jun Jul Aug Sep Oct Nov Dec
2023: Jan Feb Mar Apr May Jun Jul Aug Sep Oct Nov Dec
2022: Jan Feb Mar Apr May Jun Jul Aug Sep Oct Nov Dec
2021: Jan Feb Mar Apr May Jun Jul Aug Sep Oct Nov Dec
2020: Jan Feb Mar Apr May Jun Jul Aug Sep Oct Nov Dec
2019: Jan Feb Mar Apr May Jun Jul Aug Sep Oct Nov Dec
2018: Jan Feb Mar Apr May Jun Jul Aug Sep Oct Nov Dec
2017: Jan Feb Mar Apr May Jun Jul Aug Sep Oct Nov Dec
2016: Jan Feb Mar Apr May Jun Jul Aug Sep Oct Nov Dec
2015: Jan Feb Mar Apr May Jun Jul Aug Sep Oct Nov Dec
2014: Jan Feb Mar Apr May Jun Jul Aug Sep Oct Nov Dec
2013: Jan Feb Mar Apr May Jun Jul Aug Sep Oct Nov Dec
2012: Jan Feb Mar Apr May Jun Jul Aug Sep Oct Nov Dec
2011: Jan Feb Mar Apr May Jun Jul Aug Sep Oct Nov Dec
2024: Jan Feb Mar Apr May Jun Jul Aug Sep Oct Nov Dec
2023: Jan Feb Mar Apr May Jun Jul Aug Sep Oct Nov Dec
2022: Jan Feb Mar Apr May Jun Jul Aug Sep Oct Nov Dec
2021: Jan Feb Mar Apr May Jun Jul Aug Sep Oct Nov Dec
2020: Jan Feb Mar Apr May Jun Jul Aug Sep Oct Nov Dec
2019: Jan Feb Mar Apr May Jun Jul Aug Sep Oct Nov Dec
2018: Jan Feb Mar Apr May Jun Jul Aug Sep Oct Nov Dec
2017: Jan Feb Mar Apr May Jun Jul Aug Sep Oct Nov Dec
2016: Jan Feb Mar Apr May Jun Jul Aug Sep Oct Nov Dec
2015: Jan Feb Mar Apr May Jun Jul Aug Sep Oct Nov Dec
2014: Jan Feb Mar Apr May Jun Jul Aug Sep Oct Nov Dec
2013: Jan Feb Mar Apr May Jun Jul Aug Sep Oct Nov Dec
2012: Jan Feb Mar Apr May Jun Jul Aug Sep Oct Nov Dec
2011: Jan Feb Mar Apr May Jun Jul Aug Sep Oct Nov Dec
Report for 2023 December
MONTHLY CLIMATOLOGICAL SUMMARY for DEC. 2023 NAME: VUE CITY: Sumner STATE: WA ELEV: 622 ft LAT: 47° 14' 12" N LONG: 122° 12' 27" W TEMPERATURE (°F), RAIN (in), WIND SPEED (mph) HEAT COOL AVG MEAN DEG DEG WIND DOM DAY TEMP HIGH TIME LOW TIME DAYS DAYS RAIN SPEED HIGH TIME DIR ------------------------------------------------------------------------------------ 1 42.9 47.1 11:27a 39.6 3:31a 22.1 0.0 0.59 7.4 35.0 10:00a SW 2 44.0 46.8 10:19a 41.7 11:12p 21.0 0.0 0.53 7.8 34.0 1:42a SW 3 46.3 52.6 11:09a 41.7 4:32a 18.7 0.0 0.38 3.7 28.0 10:07a SW 4 52.4 63.0 6:09p 42.9 12:30a 12.6 0.0 0.82 2.7 21.0 6:14p E 5 51.4 58.3 12:01a 47.6 11:18p 13.6 0.0 2.28 1.5 12.0 1:57a SSE 6 46.6 47.9 12:09a 42.6 12:00m 18.4 0.0 0.43 1.1 15.0 11:09p SW 7 42.0 44.7 4:43a 36.6 2:49p 23.0 0.0 0.12 3.8 21.0 10:52a SW 8 39.1 45.0 12:17p 35.9 11:35p 25.9 0.0 0.02 0.5 9.0 1:56a E 9 38.8 45.6 11:59p 35.4 2:21a 26.2 0.0 1.04 0.3 12.0 7:44a E 10 49.3 53.8 11:20a 43.8 11:50p 15.7 0.0 0.20 1.5 13.0 6:31a SW 11 43.5 45.4 10:14a 40.0 11:52p 21.5 0.0 0.00 0.5 10.0 11:05a NNW 12 36.0 40.2 12:07a 32.7 11:23p 29.0 0.0 0.02 0.1 5.0 11:20a E 13 41.0 47.5 9:38a 31.5 1:54a 24.0 0.0 0.01 0.2 12.0 2:50a E 14 43.1 47.5 1:09p 40.6 5:16a 21.9 0.0 0.14 0.0 6.0 2:35p NE 15 43.2 49.5 1:24p 37.9 4:47a 21.8 0.0 0.00 0.0 7.0 1:03a WSW 16 41.0 48.3 1:33p 35.3 11:44p 24.0 0.0 0.00 0.0 5.0 11:38a NNW 17 37.9 46.1 1:19p 29.7 6:02a 27.1 0.0 0.01 0.1 7.0 8:09p SW 18 41.7 45.4 8:07p 37.4 4:51a 23.3 0.0 0.14 0.1 11.0 1:08p E 19 46.6 50.5 2:19p 43.8 2:30a 18.4 0.0 0.31 0.3 9.0 9:46p E 20 44.2 49.5 1:43p 39.6 7:26p 20.7 0.0 0.00 0.2 6.0 1:10a E 21 43.3 46.1 10:24a 39.7 6:23a 21.7 0.0 0.02 0.0 4.0 3:36a E 22 41.5 45.2 5:21a 37.6 11:52p 23.5 0.0 0.14 3.8 23.0 5:53a SW 23 37.3 44.7 12:17p 29.6 9:08p 27.7 0.0 0.00 0.1 6.0 11:02a E 24 38.6 43.3 7:31a 30.3 3:51a 26.4 0.0 0.00 0.5 10.0 9:13a E 25 45.5 55.2 7:58p 40.0 12:32a 19.5 0.0 0.56 2.0 17.0 8:49p E 26 47.5 53.8 11:55p 41.4 6:39a 17.5 0.0 0.13 0.6 16.0 10:35p E 27 51.4 55.0 4:08a 45.1 3:36p 13.6 0.0 0.09 1.3 22.0 9:25p E 28 52.7 55.4 9:51p 49.0 7:49a 12.3 0.0 0.00 0.9 15.0 3:34a E 29 56.6 63.0 12:05p 52.3 6:15p 8.4 0.0 0.00 0.9 16.0 7:53a E 30 48.3 52.5 12:01a 43.7 11:04p 16.7 0.0 0.29 0.6 9.0 12:37p SW 31 42.7 49.8 10:35a 34.1 11:54p 22.3 0.0 0.01 0.1 5.0 11:27a E ------------------------------------------------------------------------------------- 44.4 63.0 4 29.6 23 638.5 0.0 8.28 1.4 35.0 1 E Max >= 90.0: 0 Max <= 32.0: 0 Min <= 32.0: 4 Min <= 0.0: 0 Max Rain: 2.28 ON 12/05/23 Days of Rain: 20 (>.01 in) 16 (>.1 in) 2 (>1 in) Heat Base: 65.0 Cool Base: 65.0 Method: Integration