NOAA-Style Climate Reports


Report for 2024 April
                   MONTHLY CLIMATOLOGICAL SUMMARY for APR. 2024

NAME: VUE   CITY: Sumner   STATE: WA 
ELEV:   622 ft  LAT:  47° 14' 12" N  LONG: 122° 12' 27" W

                   TEMPERATURE (°F), RAIN  (in), WIND SPEED (mph)

                                      HEAT  COOL        AVG
    MEAN                              DEG   DEG         WIND                 DOM
DAY TEMP  HIGH   TIME   LOW    TIME   DAYS  DAYS  RAIN  SPEED HIGH   TIME    DIR
------------------------------------------------------------------------------------
 1  51.6  60.9   3:30p  42.1   5:36a  13.4   0.0  0.00   1.3  13.0   1:35p   WNW
 2  53.1  68.2   1:16p  41.7  11:58p  12.1   0.2  0.04   4.9  25.0   7:57p    SW
 3  43.8  51.4   4:47p  39.3   4:57a  21.2   0.0  0.00   3.8  21.0  12:32a    SW
 4  40.1  43.1   2:36p  38.7   1:56a  24.9   0.0  0.30   0.1   7.0  12:07a    NE
 5  43.0  48.8   1:39p  38.1   2:32a  22.0   0.0  0.01   2.0  15.0   9:54p    SW
 6  43.7  45.7   5:21p  41.0   4:57a  21.3   0.0  0.10   3.8  19.0   8:56a    SW
 7  45.6  52.6  11:49a  41.9  11:52p  19.4   0.0  0.04   3.0  21.0  12:08p    SW
 8  46.8  51.6   1:55p  41.4  12:24a  18.2   0.0  0.20   5.2  23.0  12:22p    SW
 9  49.6  56.6   3:43p  43.3  11:47p  15.4   0.0  0.05   4.0  18.0   6:48a    SW
10  48.1  58.0  12:47p  38.0   4:41a  16.9   0.0  0.00   0.8  13.0  11:35a   WNW
11  47.6  55.1  10:42a  41.2  12:34a  17.4   0.0  0.06   1.6  14.0  11:39a   WNW
12  49.6  58.6   2:00p  42.0   4:50a  15.4   0.0  0.00   2.9  17.0   2:20p   NNW
13  50.3  60.1   2:14p  40.6   4:51a  14.7   0.0  0.00   1.1  11.0   1:58p   NNW
14  51.6  65.2   2:44p  42.1   4:34a  13.4   0.0  0.00   3.8  19.0   8:47p    SW
15  47.3  54.7   1:43p  40.4  11:57p  17.6   0.0  0.00   7.5  23.0   4:06p    SW
16  44.2  54.5   3:03p  38.3   4:55a  20.7   0.0  0.04   1.8  13.0   1:57p    SW
17  46.7  57.9   2:19p  34.7   5:22a  18.3   0.0  0.00   1.7  16.0  10:09a   NNW
18  50.4  62.9   1:43p  35.7   4:46a  14.5   0.0  0.00   3.0  22.0  12:35p   NNW
19  58.3  69.8   3:23p  49.4  12:20a   7.3   0.6  0.00   2.1  19.0   8:24a     E
20  55.1  72.7  11:24a  43.1  11:31p  10.8   0.9  0.02   5.1  30.0   1:10p    SW
21  48.5  56.8   4:04p  42.0   3:37a  16.5   0.0  0.00   4.2  20.0  12:56a    SW
22  49.7  58.5  12:31p  39.7   4:08a  15.3   0.0  0.00   2.4  17.0   1:20p   NNW
23  55.1  69.1   3:40p  42.4   4:01a  10.7   0.8  0.00   1.6  14.0   1:52p   WNW
24  47.9  50.7  10:30a  44.4   2:29a  16.1   0.0  0.02   2.7  13.0   9:43a    SW
25
26
27
28
29
30
-------------------------------------------------------------------------------------
    48.7  72.7    20    34.7    17   393.5   2.5  0.88   2.9  30.0    20      SW

Max >=  90.0:  0
Max <=  32.0:  0
Min <=  32.0:  0
Min <=   0.0:  0
Max Rain: 0.30 ON 04/04/24
Days of Rain: 10 (>.01 in) 2 (>.1 in) 0 (>1 in)
Heat Base:  65.0  Cool Base:  65.0  Method: Integration