NOAA-Style Climate Reports
Select a Year or Month report
2024: Jan Feb Mar Apr May Jun Jul Aug Sep Oct Nov Dec
2023: Jan Feb Mar Apr May Jun Jul Aug Sep Oct Nov Dec
2022: Jan Feb Mar Apr May Jun Jul Aug Sep Oct Nov Dec
2021: Jan Feb Mar Apr May Jun Jul Aug Sep Oct Nov Dec
2020: Jan Feb Mar Apr May Jun Jul Aug Sep Oct Nov Dec
2019: Jan Feb Mar Apr May Jun Jul Aug Sep Oct Nov Dec
2018: Jan Feb Mar Apr May Jun Jul Aug Sep Oct Nov Dec
2017: Jan Feb Mar Apr May Jun Jul Aug Sep Oct Nov Dec
2016: Jan Feb Mar Apr May Jun Jul Aug Sep Oct Nov Dec
2015: Jan Feb Mar Apr May Jun Jul Aug Sep Oct Nov Dec
2014: Jan Feb Mar Apr May Jun Jul Aug Sep Oct Nov Dec
2013: Jan Feb Mar Apr May Jun Jul Aug Sep Oct Nov Dec
2012: Jan Feb Mar Apr May Jun Jul Aug Sep Oct Nov Dec
2011: Jan Feb Mar Apr May Jun Jul Aug Sep Oct Nov Dec
2024: Jan Feb Mar Apr May Jun Jul Aug Sep Oct Nov Dec
2023: Jan Feb Mar Apr May Jun Jul Aug Sep Oct Nov Dec
2022: Jan Feb Mar Apr May Jun Jul Aug Sep Oct Nov Dec
2021: Jan Feb Mar Apr May Jun Jul Aug Sep Oct Nov Dec
2020: Jan Feb Mar Apr May Jun Jul Aug Sep Oct Nov Dec
2019: Jan Feb Mar Apr May Jun Jul Aug Sep Oct Nov Dec
2018: Jan Feb Mar Apr May Jun Jul Aug Sep Oct Nov Dec
2017: Jan Feb Mar Apr May Jun Jul Aug Sep Oct Nov Dec
2016: Jan Feb Mar Apr May Jun Jul Aug Sep Oct Nov Dec
2015: Jan Feb Mar Apr May Jun Jul Aug Sep Oct Nov Dec
2014: Jan Feb Mar Apr May Jun Jul Aug Sep Oct Nov Dec
2013: Jan Feb Mar Apr May Jun Jul Aug Sep Oct Nov Dec
2012: Jan Feb Mar Apr May Jun Jul Aug Sep Oct Nov Dec
2011: Jan Feb Mar Apr May Jun Jul Aug Sep Oct Nov Dec
Report for 2020 May
MONTHLY CLIMATOLOGICAL SUMMARY for MAY. 2020 NAME: VUE CITY: Sumner STATE: WA ELEV: 622 ft LAT: 47° 14' 12" N LONG: 122° 12' 27" W TEMPERATURE (°F), RAIN (in), WIND SPEED (mph) HEAT COOL AVG MEAN DEG DEG WIND DOM DAY TEMP HIGH TIME LOW TIME DAYS DAYS RAIN SPEED HIGH TIME DIR ------------------------------------------------------------------------------------ 1 52.9 65.8 1:40p 41.6 5:37a 12.1 0.0 0.00 1.6 10.0 2:49p E 2 51.1 56.8 1:07p 44.4 11:17p 13.9 0.0 0.62 3.1 24.0 3:12p SW 3 46.6 54.4 4:36p 40.3 7:16a 18.4 0.0 0.08 4.3 21.0 5:39a SSW 4 51.8 65.1 3:26p 38.9 6:12a 13.2 0.0 0.00 2.0 22.0 6:32p WNW 5 56.5 70.9 5:32p 45.8 5:46a 9.0 0.5 0.11 2.4 15.0 8:53p WNW 6 51.7 58.7 4:58p 45.1 4:22a 13.3 0.0 0.03 8.3 28.0 12:33p SW 7 53.6 67.3 4:43p 40.5 6:29a 11.6 0.1 0.00 2.9 17.0 3:05p NNW 8 62.9 81.9 6:49p 45.2 5:37a 6.4 4.3 0.00 2.6 16.0 8:03p WNW 9 73.4 85.9 2:57p 60.4 5:58a 0.4 8.8 0.00 2.1 12.0 9:27a E 10 75.0 87.1 6:03p 59.3 5:46a 0.4 10.4 0.00 1.6 14.0 2:48p E 11 60.0 71.8 12:01a 52.4 11:39p 5.9 0.9 0.02 2.9 15.0 2:06p SW 12 54.5 62.0 3:49p 49.7 4:44a 10.5 0.0 0.09 2.8 25.0 4:35p SW 13 54.2 62.8 4:27p 49.8 6:37a 10.8 0.0 0.10 3.9 19.0 6:26p SW 14 54.3 64.4 5:21p 48.3 6:52a 10.7 0.0 0.11 2.2 15.0 6:17p SW 15 56.9 67.2 7:46p 49.4 5:53a 8.1 0.0 0.00 1.6 11.0 9:34a SW 16 55.8 61.4 5:08p 51.5 4:00a 9.2 0.0 0.55 1.5 15.0 8:46p E 17 56.7 65.2 3:26p 50.3 6:24a 8.3 0.0 0.23 1.6 11.0 7:06p SW 18 55.9 65.9 7:13p 47.5 6:14a 9.1 0.0 0.00 2.5 14.0 2:42p WNW 19 54.0 60.5 6:09p 49.4 2:38a 11.0 0.0 0.00 3.1 14.0 9:46p SW 20 51.8 56.7 6:09p 47.8 5:22a 13.2 0.0 0.02 5.3 23.0 8:33p SW 21 49.6 56.6 3:42p 45.1 6:09a 15.4 0.0 0.07 7.4 22.0 3:59p SW 22 51.0 58.6 3:04p 45.1 12:11a 14.0 0.0 0.00 6.7 22.0 3:32p SW 23 53.3 61.2 4:22p 47.1 5:11a 11.7 0.0 0.00 1.5 12.0 3:43p SW 24 58.0 68.6 4:53p 49.2 5:41a 7.3 0.3 0.00 1.3 12.0 4:56p WNW 25 56.8 60.7 3:37p 53.9 6:37a 8.2 0.0 0.18 2.7 13.0 4:38p SW 26 56.3 65.5 7:03p 50.9 7:00a 8.7 0.0 0.01 1.0 7.0 7:11a WNW 27 59.6 71.6 7:12p 46.0 5:06a 7.0 1.6 0.00 2.1 13.0 1:06p WNW 28 66.3 78.8 5:11p 54.1 5:53a 3.0 4.2 0.00 1.6 13.0 1:35p WNW 29 65.5 75.6 3:48p 57.7 7:02a 2.2 2.7 0.00 2.0 15.0 12:58p WNW 30 52.2 57.8 12:01a 48.7 10:50p 12.8 0.0 0.83 3.1 22.0 6:10p SW 31 52.6 60.4 5:36p 47.6 2:56a 12.4 0.0 0.09 5.6 21.0 5:55a SW ------------------------------------------------------------------------------------- 56.5 87.1 10 38.9 4 298.2 33.8 3.14 3.0 28.0 6 SW Max >= 90.0: 0 Max <= 32.0: 0 Min <= 32.0: 0 Min <= 0.0: 0 Max Rain: 0.83 ON 05/30/20 Days of Rain: 15 (>.01 in) 7 (>.1 in) 0 (>1 in) Heat Base: 65.0 Cool Base: 65.0 Method: Integration