NOAA-Style Climate Reports
Select a Year or Month report
2024: Jan Feb Mar Apr May Jun Jul Aug Sep Oct Nov Dec
2023: Jan Feb Mar Apr May Jun Jul Aug Sep Oct Nov Dec
2022: Jan Feb Mar Apr May Jun Jul Aug Sep Oct Nov Dec
2021: Jan Feb Mar Apr May Jun Jul Aug Sep Oct Nov Dec
2020: Jan Feb Mar Apr May Jun Jul Aug Sep Oct Nov Dec
2019: Jan Feb Mar Apr May Jun Jul Aug Sep Oct Nov Dec
2018: Jan Feb Mar Apr May Jun Jul Aug Sep Oct Nov Dec
2017: Jan Feb Mar Apr May Jun Jul Aug Sep Oct Nov Dec
2016: Jan Feb Mar Apr May Jun Jul Aug Sep Oct Nov Dec
2015: Jan Feb Mar Apr May Jun Jul Aug Sep Oct Nov Dec
2014: Jan Feb Mar Apr May Jun Jul Aug Sep Oct Nov Dec
2013: Jan Feb Mar Apr May Jun Jul Aug Sep Oct Nov Dec
2012: Jan Feb Mar Apr May Jun Jul Aug Sep Oct Nov Dec
2011: Jan Feb Mar Apr May Jun Jul Aug Sep Oct Nov Dec
2024: Jan Feb Mar Apr May Jun Jul Aug Sep Oct Nov Dec
2023: Jan Feb Mar Apr May Jun Jul Aug Sep Oct Nov Dec
2022: Jan Feb Mar Apr May Jun Jul Aug Sep Oct Nov Dec
2021: Jan Feb Mar Apr May Jun Jul Aug Sep Oct Nov Dec
2020: Jan Feb Mar Apr May Jun Jul Aug Sep Oct Nov Dec
2019: Jan Feb Mar Apr May Jun Jul Aug Sep Oct Nov Dec
2018: Jan Feb Mar Apr May Jun Jul Aug Sep Oct Nov Dec
2017: Jan Feb Mar Apr May Jun Jul Aug Sep Oct Nov Dec
2016: Jan Feb Mar Apr May Jun Jul Aug Sep Oct Nov Dec
2015: Jan Feb Mar Apr May Jun Jul Aug Sep Oct Nov Dec
2014: Jan Feb Mar Apr May Jun Jul Aug Sep Oct Nov Dec
2013: Jan Feb Mar Apr May Jun Jul Aug Sep Oct Nov Dec
2012: Jan Feb Mar Apr May Jun Jul Aug Sep Oct Nov Dec
2011: Jan Feb Mar Apr May Jun Jul Aug Sep Oct Nov Dec
Report for 2012 April
MONTHLY CLIMATOLOGICAL SUMMARY for APR. 2012 NAME: VUE CITY: Auburn STATE: WA ELEV: 622 ft LAT: 47° 14' 12" N LONG: 122° 12' 27" W TEMPERATURE (°F), RAIN (in), WIND SPEED (mph) HEAT COOL AVG MEAN DEG DEG WIND DOM DAY TEMP HIGH TIME LOW TIME DAYS DAYS RAIN SPEED HIGH TIME DIR ------------------------------------------------------------------------------------ 1 41.8 44.8 12:22p 37.8 7:53a 23.2 0.0 0.04 4.8 31.0 5:52a SSE 2 50.8 64.1 5:50p 40.0 6:21a 14.2 0.0 0.00 2.2 16.0 6:27p E 3 44.8 53.7 12:11a 36.9 10:48p 20.2 0.0 0.17 2.0 26.0 10:32a SE 4 40.3 50.8 4:32p 34.8 6:45a 24.6 0.0 0.00 2.1 16.0 5:49p W 5 40.3 48.3 1:27p 35.7 8:40a 24.7 0.0 0.15 1.3 15.0 3:06p SW 6 41.6 52.0 5:00p 37.0 6:15a 23.4 0.0 0.00 2.0 18.0 6:18p WSW 7 46.2 62.8 5:02p 32.2 7:09a 18.8 0.0 0.00 2.7 16.0 2:00p E 8 59.2 70.7 3:53p 51.2 4:48a 6.7 0.9 0.00 4.2 22.0 2:35a ENE 9 56.7 66.8 4:29p 47.3 5:13a 8.3 0.1 0.00 2.0 12.0 12:59p WNW 10 53.8 64.3 6:17p 45.9 6:35a 11.2 0.0 0.00 2.5 17.0 12:03p W 11 47.9 51.6 12:17a 45.5 9:42a 17.1 0.0 0.15 1.8 11.0 1:07p W 12 47.3 54.2 11:01a 42.0 12:00m 17.7 0.0 0.07 2.1 25.0 12:04p E 13 46.7 58.3 2:51p 34.9 6:12a 18.3 0.0 0.00 2.8 18.0 12:29p NW 14 48.4 59.3 5:40p 39.9 3:46a 16.6 0.0 0.00 3.2 16.0 1:00p W 15 50.4 59.9 4:15p 42.5 1:55a 14.6 0.0 0.00 2.1 13.0 12:39p WNW 16 49.1 54.9 2:12p 42.0 11:49p 15.9 0.0 0.50 4.8 25.0 1:55p W 17 43.9 49.3 2:16p 39.4 6:41a 21.1 0.0 0.08 1.0 9.0 12:19a E 18 47.3 53.6 2:58p 43.1 3:06a 17.7 0.0 0.19 3.0 19.0 11:21a W 19 48.3 56.8 1:12p 40.8 6:11a 16.7 0.0 0.69 1.1 22.0 11:49p E 20 48.1 53.2 3:12p 43.4 7:42a 16.9 0.0 0.48 2.5 19.0 12:03a W 21 53.5 67.1 5:48p 41.0 4:55a 11.7 0.2 0.00 1.6 12.0 3:46p WNW 22 58.8 73.9 6:08p 46.6 7:14a 7.9 1.7 0.00 1.9 11.0 2:33p WNW 23 59.1 69.9 5:09p 48.9 6:33a 6.6 0.8 0.00 2.2 14.0 2:12p WNW 24 52.4 56.4 12:01a 50.1 5:50a 12.6 0.0 0.04 1.3 9.0 5:30a W 25 55.2 63.4 4:36p 51.3 5:44a 7.3 0.0 0.06 0.8 29.0 5:40p E 26 27 46.8 52.9 5:13p 45.1 10:27p 5.2 0.0 0.02 1.7 17.0 6:36p SE 28 51.7 58.3 2:10p 44.8 4:02a 13.3 0.0 0.00 1.8 12.0 2:10p WNW 29 52.3 58.4 5:04p 48.2 7:23a 12.7 0.0 0.08 1.1 7.0 1:34p W 30 47.3 52.6 12:30p 42.6 11:30p 17.7 0.0 0.39 6.0 30.0 2:25p W ------------------------------------------------------------------------------------- 49.3 73.9 22 32.2 7 442.9 3.7 3.11 2.4 31.0 1 W Max >= 90.0: 0 Max <= 32.0: 0 Min <= 32.0: 0 Min <= 0.0: 0 Max Rain: 0.69 ON 04/19/12 Days of Rain: 15 (>.01 in) 8 (>.1 in) 0 (>1 in) Heat Base: 65.0 Cool Base: 65.0 Method: Integration