NOAA-Style Climate Reports
Select a Year or Month report
2024: Jan Feb Mar Apr May Jun Jul Aug Sep Oct Nov Dec
2023: Jan Feb Mar Apr May Jun Jul Aug Sep Oct Nov Dec
2022: Jan Feb Mar Apr May Jun Jul Aug Sep Oct Nov Dec
2021: Jan Feb Mar Apr May Jun Jul Aug Sep Oct Nov Dec
2020: Jan Feb Mar Apr May Jun Jul Aug Sep Oct Nov Dec
2019: Jan Feb Mar Apr May Jun Jul Aug Sep Oct Nov Dec
2018: Jan Feb Mar Apr May Jun Jul Aug Sep Oct Nov Dec
2017: Jan Feb Mar Apr May Jun Jul Aug Sep Oct Nov Dec
2016: Jan Feb Mar Apr May Jun Jul Aug Sep Oct Nov Dec
2015: Jan Feb Mar Apr May Jun Jul Aug Sep Oct Nov Dec
2014: Jan Feb Mar Apr May Jun Jul Aug Sep Oct Nov Dec
2013: Jan Feb Mar Apr May Jun Jul Aug Sep Oct Nov Dec
2012: Jan Feb Mar Apr May Jun Jul Aug Sep Oct Nov Dec
2011: Jan Feb Mar Apr May Jun Jul Aug Sep Oct Nov Dec
2024: Jan Feb Mar Apr May Jun Jul Aug Sep Oct Nov Dec
2023: Jan Feb Mar Apr May Jun Jul Aug Sep Oct Nov Dec
2022: Jan Feb Mar Apr May Jun Jul Aug Sep Oct Nov Dec
2021: Jan Feb Mar Apr May Jun Jul Aug Sep Oct Nov Dec
2020: Jan Feb Mar Apr May Jun Jul Aug Sep Oct Nov Dec
2019: Jan Feb Mar Apr May Jun Jul Aug Sep Oct Nov Dec
2018: Jan Feb Mar Apr May Jun Jul Aug Sep Oct Nov Dec
2017: Jan Feb Mar Apr May Jun Jul Aug Sep Oct Nov Dec
2016: Jan Feb Mar Apr May Jun Jul Aug Sep Oct Nov Dec
2015: Jan Feb Mar Apr May Jun Jul Aug Sep Oct Nov Dec
2014: Jan Feb Mar Apr May Jun Jul Aug Sep Oct Nov Dec
2013: Jan Feb Mar Apr May Jun Jul Aug Sep Oct Nov Dec
2012: Jan Feb Mar Apr May Jun Jul Aug Sep Oct Nov Dec
2011: Jan Feb Mar Apr May Jun Jul Aug Sep Oct Nov Dec
Report for 2021 December
MONTHLY CLIMATOLOGICAL SUMMARY for DEC. 2021 NAME: VUE CITY: Sumner STATE: WA ELEV: 622 ft LAT: 47° 14' 12" N LONG: 122° 12' 27" W TEMPERATURE (°F), RAIN (in), WIND SPEED (mph) HEAT COOL AVG MEAN DEG DEG WIND DOM DAY TEMP HIGH TIME LOW TIME DAYS DAYS RAIN SPEED HIGH TIME DIR ------------------------------------------------------------------------------------ 1 54.2 57.2 1:16p 51.4 11:47p 10.8 0.0 0.00 6.2 19.0 8:06p SW 2 45.5 51.4 12:01a 38.0 11:58p 19.5 0.0 0.00 3.1 17.0 1:03a SW 3 37.2 41.5 12:28p 34.6 6:53a 27.8 0.0 0.00 1.6 11.0 1:23p N 4 37.8 41.6 1:19p 35.5 10:59p 27.2 0.0 0.68 1.1 15.0 3:26p NNW 5 35.5 40.7 2:52p 32.1 8:08a 29.5 0.0 0.00 0.1 6.0 5:53a N 6 39.6 43.0 7:41p 35.7 6:32a 25.3 0.0 0.25 0.3 7.0 4:26a E 7 45.4 48.0 7:20p 42.6 12:01a 19.6 0.0 0.17 1.5 15.0 11:12p SW 8 41.6 48.0 12:21a 36.2 11:49p 23.4 0.0 0.01 8.5 25.0 6:01a SW 9 37.9 39.8 4:04p 36.1 12:16a 27.1 0.0 0.01 6.9 20.0 12:54p SW 10 41.0 46.1 9:41p 37.4 1:28a 24.0 0.0 0.04 6.7 29.0 9:05p SW 11 41.8 46.6 2:46p 37.8 12:00m 23.2 0.0 0.81 8.9 29.0 5:31a SW 12 37.4 39.8 1:39p 36.1 2:00a 27.6 0.0 0.08 3.7 23.0 12:12a SSE 13 38.2 40.2 4:42a 35.7 8:21a 26.8 0.0 0.05 2.0 15.0 8:15p SW 14 36.2 39.5 12:47p 33.3 5:05a 28.8 0.0 0.12 3.8 19.0 2:02a SSE 15 38.7 41.5 12:05p 36.2 2:13a 26.3 0.0 0.11 1.5 11.0 6:24p E 16 38.5 42.0 4:35p 35.4 1:23a 26.5 0.0 0.13 1.6 11.0 4:16p SW 17 38.1 44.4 2:10p 35.0 6:59a 26.8 0.0 0.13 1.2 9.0 9:33a E 18 41.6 51.0 11:50a 36.3 12:18a 23.4 0.0 0.45 7.6 45.0 10:04a SW 19 37.5 43.7 2:14p 34.2 11:29p 27.5 0.0 0.00 1.2 10.0 12:06a NNE 20 34.2 35.1 2:54a 32.7 8:41a 30.8 0.0 0.32 1.0 8.0 12:23a N 21 35.0 44.1 11:59p 32.1 4:07a 30.0 0.0 0.14 0.8 17.0 11:54p SW 22 46.1 49.2 11:13a 43.8 5:15p 18.9 0.0 0.21 5.1 24.0 1:11a SW 23 38.8 46.8 12:01a 36.3 7:31p 26.2 0.0 0.24 9.1 31.0 2:02p SW 24 37.1 39.5 12:53p 33.6 11:32p 27.9 0.0 0.26 5.1 29.0 9:37p SW 25 32.9 34.9 9:22a 28.1 11:53p 32.1 0.0 0.13 5.3 19.0 5:36a SW 26 24.0 29.0 8:27a 18.7 11:55p 41.0 0.0 0.00 4.1 16.0 11:22a NNW 27 18.6 22.9 2:53p 13.6 8:02a 46.4 0.0 0.00 2.0 17.0 12:06a NE 28 24.5 27.7 1:44p 21.3 12:01a 40.5 0.0 0.00 1.1 9.0 6:51p N 29 25.1 29.0 1:48p 21.3 8:35a 39.9 0.0 0.00 2.4 15.0 10:00p NE 30 30.3 33.7 8:18a 26.6 12:01a 34.7 0.0 0.02 3.2 20.0 7:07a NNW 31 26.9 31.6 1:44p 20.8 11:36p 38.0 0.0 0.00 1.1 12.0 2:26p NNW ------------------------------------------------------------------------------------- 36.7 57.2 1 13.6 27 877.5 0.0 4.36 3.5 45.0 18 SW Max >= 90.0: 0 Max <= 32.0: 5 Min <= 32.0: 7 Min <= 0.0: 0 Max Rain: 0.81 ON 12/11/21 Days of Rain: 19 (>.01 in) 15 (>.1 in) 0 (>1 in) Heat Base: 65.0 Cool Base: 65.0 Method: Integration