NOAA-Style Climate Reports

Select a Year or Month report
2018: Jan Feb Mar Apr May Jun Jul Aug Sep Oct Nov Dec
2017: Jan Feb Mar Apr May Jun Jul Aug Sep Oct Nov Dec
2016: Jan Feb Mar Apr May Jun Jul Aug Sep Oct Nov Dec
2015: Jan Feb Mar Apr May Jun Jul Aug Sep Oct Nov Dec
2014: Jan Feb Mar Apr May Jun Jul Aug Sep Oct Nov Dec
2013: Jan Feb Mar Apr May Jun Jul Aug Sep Oct Nov Dec
2012: Jan Feb Mar Apr May Jun Jul Aug Sep Oct Nov Dec
2011: Jan Feb Mar Apr May Jun Jul Aug Sep Oct Nov Dec

Report for 2018 February
                   MONTHLY CLIMATOLOGICAL SUMMARY for FEB. 2018

NAME: VUE   CITY: Sumner   STATE: WA 
ELEV:   622 ft  LAT:  47° 14' 12" N  LONG: 122° 12' 27" W

                   TEMPERATURE (°F), RAIN  (in), WIND SPEED (mph)

                                      HEAT  COOL        AVG
    MEAN                              DEG   DEG         WIND                 DOM
DAY TEMP  HIGH   TIME   LOW    TIME   DAYS  DAYS  RAIN  SPEED HIGH   TIME    DIR
------------------------------------------------------------------------------------
 1  43.0  44.9   2:55p  41.2   9:30a  22.0   0.0  0.65   1.5  11.0  12:51a   SSW
 2  49.0  50.8   4:37p  44.8  12:01a  16.0   0.0  0.10   7.4  24.0   4:02p   SSW
 3  48.9  50.9  11:30a  46.4   2:07a  16.1   0.0  0.18   6.2  25.0   1:52a   SSW
 4  50.5  53.0   2:44p  47.4  11:59p  14.5   0.0  0.02  10.0  30.0   2:38p   SSW
 5  45.8  48.1   4:06p  43.7  11:31p  19.2   0.0  0.04   6.5  20.0   6:32p    SW
 6  44.8  47.9   1:56p  41.8   7:42a  20.2   0.0  0.00   3.7  15.0   2:07p   SSW
 7  48.0  53.1   3:01p  44.5   1:36a  17.0   0.0  0.00   0.6   6.0  10:49a     E
 8  48.4  51.7   1:52p  41.8  12:00m  16.6   0.0  0.00   9.3  29.0   3:11p    SW
 9  41.5  45.9   2:13p  37.3   6:42a  23.5   0.0  0.00   2.0  12.0  11:09p   SSW
10  36.8  44.1   2:57p  31.3   7:49a  28.1   0.0  0.01   1.5  11.0   4:44a   NNE
11  36.4  43.4   1:43p  31.3   4:20a  28.6   0.0  0.00   1.9  15.0   2:10p   NNE
12  35.7  43.8   3:42p  29.1   7:24a  29.3   0.0  0.00   2.1  15.0   2:24a   NNE
13  37.2  47.3   2:59p  28.9   7:46a  27.8   0.0  0.13   1.4  14.0   9:18p    SW
14  37.3  39.4   2:46p  33.9   1:54a  27.7   0.0  0.13   2.9  21.0   6:50a    SW
15  38.7  43.0   1:29p  36.1   4:03a  26.3   0.0  0.04   2.8  18.0   2:00p   SSW
16  41.0  44.6   1:59p  37.3   4:16a  24.0   0.0  0.39   7.6  21.0  10:58a   SSW
17  42.0  46.2  11:48a  36.6  12:00m  23.0   0.0  0.35  12.7  44.0   1:05p    SW
18  31.3  36.7  12:01a  27.1   9:44p  33.7   0.0  0.03   6.1  28.0   3:19p   NNW
19  29.4  35.3   2:59p  26.6  11:54p  35.6   0.0  0.01   3.2  14.0   3:56p   NNE
20  29.3  33.9  12:40p  26.5  12:04a  35.7   0.0  0.00   2.0  13.0   7:16p     E
21  27.1  31.1  12:21p  22.6   5:46a  26.2   0.0  0.00   1.3  10.0  12:01a     E
22
23
24
25
26
27
28
-------------------------------------------------------------------------------------
    40.1  53.1     7    22.6    21   511.1   0.0  2.08   4.4  44.0    17     SSW

Max >=  90.0:  0
Max <=  32.0:  1
Min <=  32.0:  8
Min <=   0.0:  0
Max Rain: 0.65 ON 02/01/18
Days of Rain: 11 (>.01 in) 6 (>.1 in) 0 (>1 in)
Heat Base:  65.0  Cool Base:  65.0  Method: Integration