NOAA-Style Climate Reports
Select a Year or Month report
2024: Jan Feb Mar Apr May Jun Jul Aug Sep Oct Nov Dec
2023: Jan Feb Mar Apr May Jun Jul Aug Sep Oct Nov Dec
2022: Jan Feb Mar Apr May Jun Jul Aug Sep Oct Nov Dec
2021: Jan Feb Mar Apr May Jun Jul Aug Sep Oct Nov Dec
2020: Jan Feb Mar Apr May Jun Jul Aug Sep Oct Nov Dec
2019: Jan Feb Mar Apr May Jun Jul Aug Sep Oct Nov Dec
2018: Jan Feb Mar Apr May Jun Jul Aug Sep Oct Nov Dec
2017: Jan Feb Mar Apr May Jun Jul Aug Sep Oct Nov Dec
2016: Jan Feb Mar Apr May Jun Jul Aug Sep Oct Nov Dec
2015: Jan Feb Mar Apr May Jun Jul Aug Sep Oct Nov Dec
2014: Jan Feb Mar Apr May Jun Jul Aug Sep Oct Nov Dec
2013: Jan Feb Mar Apr May Jun Jul Aug Sep Oct Nov Dec
2012: Jan Feb Mar Apr May Jun Jul Aug Sep Oct Nov Dec
2011: Jan Feb Mar Apr May Jun Jul Aug Sep Oct Nov Dec
2024: Jan Feb Mar Apr May Jun Jul Aug Sep Oct Nov Dec
2023: Jan Feb Mar Apr May Jun Jul Aug Sep Oct Nov Dec
2022: Jan Feb Mar Apr May Jun Jul Aug Sep Oct Nov Dec
2021: Jan Feb Mar Apr May Jun Jul Aug Sep Oct Nov Dec
2020: Jan Feb Mar Apr May Jun Jul Aug Sep Oct Nov Dec
2019: Jan Feb Mar Apr May Jun Jul Aug Sep Oct Nov Dec
2018: Jan Feb Mar Apr May Jun Jul Aug Sep Oct Nov Dec
2017: Jan Feb Mar Apr May Jun Jul Aug Sep Oct Nov Dec
2016: Jan Feb Mar Apr May Jun Jul Aug Sep Oct Nov Dec
2015: Jan Feb Mar Apr May Jun Jul Aug Sep Oct Nov Dec
2014: Jan Feb Mar Apr May Jun Jul Aug Sep Oct Nov Dec
2013: Jan Feb Mar Apr May Jun Jul Aug Sep Oct Nov Dec
2012: Jan Feb Mar Apr May Jun Jul Aug Sep Oct Nov Dec
2011: Jan Feb Mar Apr May Jun Jul Aug Sep Oct Nov Dec
Report for 2021 May
MONTHLY CLIMATOLOGICAL SUMMARY for MAY. 2021 NAME: VUE CITY: Sumner STATE: WA ELEV: 622 ft LAT: 47° 14' 12" N LONG: 122° 12' 27" W TEMPERATURE (°F), RAIN (in), WIND SPEED (mph) HEAT COOL AVG MEAN DEG DEG WIND DOM DAY TEMP HIGH TIME LOW TIME DAYS DAYS RAIN SPEED HIGH TIME DIR ------------------------------------------------------------------------------------ 1 50.8 57.7 3:45p 44.5 4:45a 14.2 0.0 0.00 3.3 21.0 7:11p SW 2 51.4 61.8 5:56p 44.1 5:50a 13.6 0.0 0.00 2.0 13.0 12:13a SW 3 50.3 56.3 1:30p 44.0 5:52a 14.7 0.0 0.22 1.9 10.0 12:28p SW 4 52.5 63.1 6:22p 47.3 7:49a 12.5 0.0 0.18 2.3 11.0 1:48p W 5 57.0 69.2 8:57p 41.1 5:27a 7.7 0.9 0.00 1.1 11.0 1:18p NE 6 55.5 64.5 12:01a 45.4 12:00m 9.5 0.0 0.00 5.4 26.0 2:17p SW 7 46.9 54.9 5:43p 41.9 5:31a 18.1 0.0 0.25 4.7 19.0 1:36p SW 8 47.7 53.5 3:23p 42.0 2:13a 17.3 0.0 0.00 4.1 13.0 1:37a SSW 9 52.3 62.0 2:53p 46.5 5:34a 12.7 0.0 0.01 1.6 15.0 6:06p NNW 10 53.2 63.9 3:53p 41.6 6:45a 11.8 0.0 0.00 2.1 14.0 1:58p NW 11 55.5 66.6 4:58p 42.9 5:21a 9.6 0.1 0.00 2.1 16.0 2:32p WNW 12 58.9 68.8 5:48p 50.1 6:02a 6.5 0.4 0.00 2.3 15.0 1:57p NNW 13 59.5 70.4 5:55p 48.5 6:36a 6.4 1.0 0.00 2.8 19.0 4:49p NW 14 60.8 72.6 6:31p 47.4 5:13a 6.0 1.8 0.00 2.4 17.0 2:16p NW 15 59.6 73.0 5:28p 46.3 6:20a 6.9 1.5 0.00 2.2 18.0 2:09p WNW 16 61.8 75.8 6:19p 49.3 6:14a 5.9 2.7 0.00 2.6 12.0 1:14p WNW 17 52.7 59.3 3:09p 48.2 11:54p 12.3 0.0 0.05 5.7 29.0 10:55p SW 18 48.3 56.3 4:30p 42.8 5:40a 16.7 0.0 0.52 5.6 22.0 12:36a SW 19 47.1 55.4 5:44p 42.3 3:32a 17.9 0.0 0.17 1.6 14.0 4:05p WNW 20 49.1 60.7 6:52p 42.1 6:21a 15.9 0.0 0.03 2.0 12.0 9:41p SW 21 51.5 61.9 6:45p 43.9 2:49a 13.5 0.0 0.00 2.4 12.0 4:37p SW 22 51.8 63.0 4:53p 45.5 4:11a 13.2 0.0 0.00 1.6 11.0 11:19p WSW 23 53.0 58.2 2:31p 50.3 2:11a 12.0 0.0 0.02 5.8 23.0 7:31p SW 24 53.2 61.0 5:32p 47.6 5:50a 11.8 0.0 0.14 4.0 17.0 2:21a SW 25 53.8 59.9 2:38p 49.1 8:17a 11.2 0.0 0.01 3.3 13.0 5:39p SW 26 55.4 64.0 6:05p 49.5 4:57a 9.6 0.0 0.00 2.3 13.0 12:06a SW 27 52.7 57.8 12:15p 47.8 11:56p 12.3 0.0 0.09 8.1 33.0 1:28p SW 28 53.3 63.3 5:02p 47.3 5:23a 11.7 0.0 0.01 4.8 19.0 4:51a SW 29 56.5 70.9 5:41p 41.9 5:44a 9.3 0.8 0.00 2.1 13.0 1:52p WNW 30 61.1 73.0 6:41p 49.5 6:34a 5.5 1.5 0.00 1.7 13.0 3:33p WNW 31 64.9 77.4 6:28p 50.9 5:44a 4.0 3.9 0.00 2.4 14.0 2:03p WNW ------------------------------------------------------------------------------------- 54.1 77.4 31 41.1 5 350.3 14.6 1.70 3.1 33.0 27 SW Max >= 90.0: 0 Max <= 32.0: 0 Min <= 32.0: 0 Min <= 0.0: 0 Max Rain: 0.52 ON 05/18/21 Days of Rain: 10 (>.01 in) 6 (>.1 in) 0 (>1 in) Heat Base: 65.0 Cool Base: 65.0 Method: Integration