NOAA-Style Climate Reports
Select a Year or Month report
2024: Jan Feb Mar Apr May Jun Jul Aug Sep Oct Nov Dec
2023: Jan Feb Mar Apr May Jun Jul Aug Sep Oct Nov Dec
2022: Jan Feb Mar Apr May Jun Jul Aug Sep Oct Nov Dec
2021: Jan Feb Mar Apr May Jun Jul Aug Sep Oct Nov Dec
2020: Jan Feb Mar Apr May Jun Jul Aug Sep Oct Nov Dec
2019: Jan Feb Mar Apr May Jun Jul Aug Sep Oct Nov Dec
2018: Jan Feb Mar Apr May Jun Jul Aug Sep Oct Nov Dec
2017: Jan Feb Mar Apr May Jun Jul Aug Sep Oct Nov Dec
2016: Jan Feb Mar Apr May Jun Jul Aug Sep Oct Nov Dec
2015: Jan Feb Mar Apr May Jun Jul Aug Sep Oct Nov Dec
2014: Jan Feb Mar Apr May Jun Jul Aug Sep Oct Nov Dec
2013: Jan Feb Mar Apr May Jun Jul Aug Sep Oct Nov Dec
2012: Jan Feb Mar Apr May Jun Jul Aug Sep Oct Nov Dec
2011: Jan Feb Mar Apr May Jun Jul Aug Sep Oct Nov Dec
2024: Jan Feb Mar Apr May Jun Jul Aug Sep Oct Nov Dec
2023: Jan Feb Mar Apr May Jun Jul Aug Sep Oct Nov Dec
2022: Jan Feb Mar Apr May Jun Jul Aug Sep Oct Nov Dec
2021: Jan Feb Mar Apr May Jun Jul Aug Sep Oct Nov Dec
2020: Jan Feb Mar Apr May Jun Jul Aug Sep Oct Nov Dec
2019: Jan Feb Mar Apr May Jun Jul Aug Sep Oct Nov Dec
2018: Jan Feb Mar Apr May Jun Jul Aug Sep Oct Nov Dec
2017: Jan Feb Mar Apr May Jun Jul Aug Sep Oct Nov Dec
2016: Jan Feb Mar Apr May Jun Jul Aug Sep Oct Nov Dec
2015: Jan Feb Mar Apr May Jun Jul Aug Sep Oct Nov Dec
2014: Jan Feb Mar Apr May Jun Jul Aug Sep Oct Nov Dec
2013: Jan Feb Mar Apr May Jun Jul Aug Sep Oct Nov Dec
2012: Jan Feb Mar Apr May Jun Jul Aug Sep Oct Nov Dec
2011: Jan Feb Mar Apr May Jun Jul Aug Sep Oct Nov Dec
Report for 2019 December
MONTHLY CLIMATOLOGICAL SUMMARY for DEC. 2019 NAME: VUE CITY: Sumner STATE: WA ELEV: 622 ft LAT: 47° 14' 12" N LONG: 122° 12' 27" W TEMPERATURE (°F), RAIN (in), WIND SPEED (mph) HEAT COOL AVG MEAN DEG DEG WIND DOM DAY TEMP HIGH TIME LOW TIME DAYS DAYS RAIN SPEED HIGH TIME DIR ------------------------------------------------------------------------------------ 1 39.3 42.1 1:36p 38.0 12:10a 25.7 0.0 0.05 0.8 14.0 3:50a E 2 42.1 47.4 1:54p 35.2 6:02a 22.9 0.0 0.00 0.3 7.0 11:00p E 3 46.8 49.9 5:49p 43.1 4:32a 18.2 0.0 0.01 0.5 5.0 8:22a E 4 46.4 48.8 12:43p 43.0 12:00m 18.6 0.0 0.17 0.9 11.0 10:48p NNW 5 43.5 46.0 1:15p 42.0 4:44a 21.5 0.0 0.00 0.4 8.0 12:58a NNE 6 45.0 50.6 12:18p 41.2 5:36a 20.0 0.0 0.02 0.6 9.0 2:28p SW 7 46.3 48.9 3:32p 43.8 7:10a 18.7 0.0 0.45 0.8 10.0 3:44a E 8 46.5 51.1 1:37p 44.4 11:53p 18.5 0.0 0.03 0.5 6.0 3:22a NNW 9 39.9 44.5 12:01a 37.4 8:07a 25.1 0.0 0.01 0.2 5.0 1:17p E 10 38.7 42.9 10:28p 35.5 7:46a 26.3 0.0 0.24 0.7 8.0 7:24a SW 11 44.0 47.9 2:20p 41.0 4:31a 21.0 0.0 0.36 1.6 19.0 11:02p E 12 45.7 49.4 9:05a 41.9 3:59p 19.3 0.0 0.28 8.2 27.0 3:44a SSW 13 43.1 46.9 11:19a 41.1 11:59p 21.9 0.0 0.20 2.9 17.0 1:24a SSW 14 40.3 42.2 2:32p 38.4 11:28p 24.7 0.0 0.37 0.3 5.0 7:47p E 15 38.4 42.2 2:36p 35.7 9:12p 26.6 0.0 0.15 1.0 10.0 2:45p SW 16 39.7 46.1 3:14p 36.1 1:57a 25.3 0.0 0.00 1.8 10.0 12:37a E 17 39.6 42.5 2:17p 36.8 7:09a 25.4 0.0 0.00 0.6 9.0 12:09a E 18 41.1 44.8 6:34p 38.0 8:15a 23.9 0.0 0.23 1.3 13.0 6:57p E 19 45.9 51.6 10:47p 38.8 12:08a 19.1 0.0 0.85 4.8 31.0 11:36p SW 20 49.9 51.8 9:32p 48.3 8:15a 15.1 0.0 1.72 6.0 34.0 12:59a SSW 21 42.9 49.9 12:01a 39.4 11:59p 22.1 0.0 0.83 1.7 17.0 12:51a W 22 39.4 41.0 2:42p 37.6 8:01a 21.1 0.0 0.22 0.8 8.0 2:07p NNW 23 39.0 42.8 2:39p 34.9 11:06p 19.6 0.0 0.10 1.0 10.0 2:02p E 24 34.5 35.7 1:49a 29.5 7:13a 27.3 0.0 0.02 0.8 9.0 12:12a E 25 34.8 39.5 1:21p 31.2 10:55p 30.2 0.0 0.00 0.3 7.0 4:01a E 26 32.1 35.7 10:44p 29.4 5:04a 32.9 0.0 0.07 0.6 8.0 6:25a E 27 39.7 43.8 2:16p 34.6 12:01a 25.3 0.0 0.03 1.2 12.0 2:26p SW 28 41.7 44.9 11:49a 39.1 8:21a 23.3 0.0 0.00 0.6 9.0 5:23p E 29 42.5 49.0 3:14p 38.2 4:40a 22.5 0.0 0.01 0.6 7.0 2:50a WNW 30 44.2 47.4 2:13p 41.7 1:18a 20.8 0.0 0.06 2.5 11.0 8:58a SSW 31 47.4 51.0 11:50p 43.3 12:07a 17.6 0.0 0.28 9.0 35.0 8:22p SSW ------------------------------------------------------------------------------------- 41.9 51.8 20 29.4 26 700.5 0.0 6.76 1.7 35.0 31 E Max >= 90.0: 0 Max <= 32.0: 0 Min <= 32.0: 3 Min <= 0.0: 0 Max Rain: 1.72 ON 12/20/19 Days of Rain: 22 (>.01 in) 14 (>.1 in) 1 (>1 in) Heat Base: 65.0 Cool Base: 65.0 Method: Integration