NOAA-Style Climate Reports
Select a Year or Month report
2024: Jan Feb Mar Apr May Jun Jul Aug Sep Oct Nov Dec
2023: Jan Feb Mar Apr May Jun Jul Aug Sep Oct Nov Dec
2022: Jan Feb Mar Apr May Jun Jul Aug Sep Oct Nov Dec
2021: Jan Feb Mar Apr May Jun Jul Aug Sep Oct Nov Dec
2020: Jan Feb Mar Apr May Jun Jul Aug Sep Oct Nov Dec
2019: Jan Feb Mar Apr May Jun Jul Aug Sep Oct Nov Dec
2018: Jan Feb Mar Apr May Jun Jul Aug Sep Oct Nov Dec
2017: Jan Feb Mar Apr May Jun Jul Aug Sep Oct Nov Dec
2016: Jan Feb Mar Apr May Jun Jul Aug Sep Oct Nov Dec
2015: Jan Feb Mar Apr May Jun Jul Aug Sep Oct Nov Dec
2014: Jan Feb Mar Apr May Jun Jul Aug Sep Oct Nov Dec
2013: Jan Feb Mar Apr May Jun Jul Aug Sep Oct Nov Dec
2012: Jan Feb Mar Apr May Jun Jul Aug Sep Oct Nov Dec
2011: Jan Feb Mar Apr May Jun Jul Aug Sep Oct Nov Dec
2024: Jan Feb Mar Apr May Jun Jul Aug Sep Oct Nov Dec
2023: Jan Feb Mar Apr May Jun Jul Aug Sep Oct Nov Dec
2022: Jan Feb Mar Apr May Jun Jul Aug Sep Oct Nov Dec
2021: Jan Feb Mar Apr May Jun Jul Aug Sep Oct Nov Dec
2020: Jan Feb Mar Apr May Jun Jul Aug Sep Oct Nov Dec
2019: Jan Feb Mar Apr May Jun Jul Aug Sep Oct Nov Dec
2018: Jan Feb Mar Apr May Jun Jul Aug Sep Oct Nov Dec
2017: Jan Feb Mar Apr May Jun Jul Aug Sep Oct Nov Dec
2016: Jan Feb Mar Apr May Jun Jul Aug Sep Oct Nov Dec
2015: Jan Feb Mar Apr May Jun Jul Aug Sep Oct Nov Dec
2014: Jan Feb Mar Apr May Jun Jul Aug Sep Oct Nov Dec
2013: Jan Feb Mar Apr May Jun Jul Aug Sep Oct Nov Dec
2012: Jan Feb Mar Apr May Jun Jul Aug Sep Oct Nov Dec
2011: Jan Feb Mar Apr May Jun Jul Aug Sep Oct Nov Dec
Report for 2013 July
MONTHLY CLIMATOLOGICAL SUMMARY for JUL. 2013 NAME: VUE CITY: Auburn STATE: WA ELEV: 622 ft LAT: 47° 14' 12" N LONG: 122° 12' 27" W TEMPERATURE (°F), RAIN (in), WIND SPEED (mph) HEAT COOL AVG MEAN DEG DEG WIND DOM DAY TEMP HIGH TIME LOW TIME DAYS DAYS RAIN SPEED HIGH TIME DIR ------------------------------------------------------------------------------------ 1 74.9 87.6 5:44p 64.0 6:58a 0.0 9.9 0.00 2.5 12.0 8:46p W 2 67.8 79.3 3:49p 57.7 6:04a 1.8 4.6 0.00 2.2 12.0 4:17p WNW 3 66.7 78.4 5:10p 57.2 6:47a 2.2 3.9 0.00 2.5 12.0 5:16p WNW 4 59.7 68.0 6:26p 53.0 5:27a 5.6 0.3 0.00 2.5 13.0 8:37a SW 5 61.7 72.0 6:59p 53.7 5:48a 4.5 1.2 0.00 2.7 14.0 5:22p WSW 6 63.4 76.0 4:23p 52.7 6:25a 4.6 3.0 0.00 2.4 13.0 2:54p WNW 7 62.1 75.6 6:36p 54.4 7:10a 4.6 1.7 0.00 2.5 11.0 11:22p WSW 8 63.0 75.8 5:51p 52.0 3:50a 5.1 3.0 0.00 2.9 11.0 2:32p WSW 9 69.8 82.0 5:47p 56.7 6:06a 1.7 6.5 0.00 2.0 13.0 5:01p WNW 10 61.3 72.8 6:42p 53.6 6:20a 4.8 1.1 0.00 3.7 13.0 5:09p WSW 11 58.5 71.0 6:26p 49.5 4:04a 7.1 0.6 0.00 2.7 14.0 3:38p SW 12 57.5 67.3 5:31p 50.3 4:52a 7.5 0.0 0.00 1.2 8.0 12:26p WNW 13 61.7 74.2 5:02p 49.5 5:43a 5.6 2.3 0.00 2.9 14.0 2:48p WNW 14 65.9 80.2 7:28p 51.5 5:40a 3.8 4.6 0.00 2.0 12.0 1:55p WNW 15 67.5 79.8 4:43p 53.2 6:03a 2.7 5.2 0.00 3.5 19.0 2:13p NW 16 70.3 83.9 6:41p 57.5 4:39a 1.5 6.8 0.00 1.5 11.0 12:53p WNW 17 62.8 70.9 12:10a 57.1 11:33p 2.9 0.7 0.03 3.1 14.0 12:31p WSW 18 63.3 77.0 6:45p 55.5 5:14a 4.1 2.4 0.00 1.8 11.0 4:28p WNW 19 64.5 78.7 7:02p 53.6 6:30a 4.0 3.6 0.00 1.9 13.0 3:56p WNW 20 62.1 75.4 7:12p 53.0 5:26a 5.1 2.3 0.00 2.1 9.0 3:27p W 21 61.5 77.3 5:42p 53.1 7:22a 5.5 2.0 0.00 2.5 10.0 3:16p WSW 22 63.3 76.9 7:04p 53.7 7:00a 4.7 3.0 0.00 2.3 10.0 3:56p WSW 23 68.9 82.7 6:06p 55.3 5:40a 2.6 6.5 0.00 2.1 16.0 3:48p WNW 24 69.9 84.3 7:03p 56.5 6:13a 1.9 6.8 0.00 2.2 13.0 4:06p WNW 25 69.1 84.4 4:46p 54.2 6:51a 2.6 6.7 0.00 2.1 12.0 1:05p WNW 26 68.8 84.6 6:06p 55.2 5:52a 2.4 6.3 0.00 2.2 13.0 1:50p WNW 27 62.8 75.6 5:39p 50.8 6:22a 4.8 2.6 0.00 3.1 11.0 1:28p WSW 28 58.0 69.8 5:23p 49.3 6:40a 7.5 0.5 0.00 3.2 18.0 4:20p WSW 29 62.7 74.6 7:56p 55.1 5:09a 4.4 2.1 0.00 1.8 11.0 2:40p WNW 30 62.3 75.1 6:56p 52.3 7:50a 5.0 2.3 0.00 2.6 11.0 2:01p WSW 31 60.4 70.9 7:47p 54.4 5:19a 5.2 0.6 0.00 1.5 11.0 11:01p WSW ------------------------------------------------------------------------------------- 64.3 87.6 1 49.3 28 125.8 103.1 0.03 2.4 19.0 15 WSW Max >= 90.0: 0 Max <= 32.0: 0 Min <= 32.0: 0 Min <= 0.0: 0 Max Rain: 0.03 ON 07/17/13 Days of Rain: 1 (>.01 in) 0 (>.1 in) 0 (>1 in) Heat Base: 65.0 Cool Base: 65.0 Method: Integration